{"id":40,"date":"2020-06-18T09:39:32","date_gmt":"2020-06-18T09:39:32","guid":{"rendered":"http:\/\/publitaxis.es\/?page_id=40"},"modified":"2025-12-30T07:42:16","modified_gmt":"2025-12-30T07:42:16","slug":"servicio","status":"publish","type":"page","link":"https:\/\/publitaxis.es\/?page_id=40","title":{"rendered":"Servicios"},"content":{"rendered":"\n\n\n<div class=\"wp-block-themeisle-blocks-advanced-columns has-1-columns has-desktop-equal-layout has-tablet-equal-layout has-mobile-equal-layout has-default-gap has-vertical-unset\" id=\"wp-block-themeisle-blocks-advanced-columns-a08405a0\"><div class=\"wp-block-themeisle-blocks-advanced-columns-overlay\"><\/div><div class=\"innerblocks-wrap\">\n<div class=\"wp-block-themeisle-blocks-advanced-column\" id=\"wp-block-themeisle-blocks-advanced-column-e475e9dc\">\n<p>Desde\u00a0<strong>PubliTaxis.es\u00ae\u00a0<\/strong>ofrecemos la oportunidad de que anunciantes y marcas sean vistos por miles de usuarios al d\u00eda.<\/p>\n<p>Gestionamos la\u00a0publicidad en los taxis de los principales municipios de las Islas Canarias, ofreciendo a nuestros clientes grandes campa\u00f1as a precios muy competitivos.<\/p>\n<p class=\"has-medium-font-size\"><strong>\u00bfTe imaginas una gran flota de taxis rotulada con tu marca?<\/strong><\/p>\n<p class=\"has-medium-font-size\"><strong>\u00bfY si la completamos con una acci\u00f3n de marketing directo?<\/strong><\/p>\n<p><\/p>\n<p>* En\u00a0<strong>PubliTaxis.es\u00ae\u00a0<\/strong>disponemos de una gran flota de veh\u00edculos-taxis preparados para exhibir tu campa\u00f1a.<\/p>\n<p><br>* Producimos y rotulamos cada veh\u00edculo-taxi con vinilos de alta calidad.<\/p>\n<p><br>* Garantizamos el buen estado de los vinilos de principio a fin de campa\u00f1a.<\/p>\n<p><br>* En caso de roturas o desperfectos, cambiamos el vinilo da\u00f1ado sin gastos adicionales para tu empresa.<\/p>\n<p>*Te ofrecemos la posibilidad de dise\u00f1ar tu campa\u00f1a a trav\u00e9s de nuestras agencias asociadas. <strong>\u00a1Preg\u00fantanos!<\/strong><\/p>\n<\/div>\n<div>\n<p> <\/p>\n<p> <\/p>\n<p> <\/p>\n<p> <\/p>\n<\/div>\n<\/div><\/div>\n","protected":false},"excerpt":{"rendered":"<p>Desde\u00a0PubliTaxis.es\u00ae\u00a0ofrecemos la oportunidad de que anunciantes y marcas sean vistos por miles de usuarios al d\u00eda. Gestionamos la\u00a0publicidad en los taxis de los principales municipios de las Islas Canarias, ofreciendo a nuestros clientes grandes campa\u00f1as a precios muy competitivos. \u00bfTe imaginas una gran flota de taxis rotulada con tu marca? \u00bfY si la completamos con [&hellip;]<\/p>\n","protected":false},"author":1,"featured_media":0,"parent":0,"menu_order":0,"comment_status":"closed","ping_status":"closed","template":"","meta":{"footnotes":""},"class_list":["post-40","page","type-page","status-publish","hentry"],"_links":{"self":[{"href":"https:\/\/publitaxis.es\/index.php?rest_route=\/wp\/v2\/pages\/40","targetHints":{"allow":["GET"]}}],"collection":[{"href":"https:\/\/publitaxis.es\/index.php?rest_route=\/wp\/v2\/pages"}],"about":[{"href":"https:\/\/publitaxis.es\/index.php?rest_route=\/wp\/v2\/types\/page"}],"author":[{"embeddable":true,"href":"https:\/\/publitaxis.es\/index.php?rest_route=\/wp\/v2\/users\/1"}],"replies":[{"embeddable":true,"href":"https:\/\/publitaxis.es\/index.php?rest_route=%2Fwp%2Fv2%2Fcomments&post=40"}],"version-history":[{"count":47,"href":"https:\/\/publitaxis.es\/index.php?rest_route=\/wp\/v2\/pages\/40\/revisions"}],"predecessor-version":[{"id":680,"href":"https:\/\/publitaxis.es\/index.php?rest_route=\/wp\/v2\/pages\/40\/revisions\/680"}],"wp:attachment":[{"href":"https:\/\/publitaxis.es\/index.php?rest_route=%2Fwp%2Fv2%2Fmedia&parent=40"}],"curies":[{"name":"wp","href":"https:\/\/api.w.org\/{rel}","templated":true}]}}